 be k(7). Let f = -5 + w. List the prime factors of f.
2
Let i(n) = n**2 + n + 7. Let c be i(0). Let d = 47 + c. What are the prime factors of d?
2, 3
Let p(b) = -b**3 - 13*b**2 + 2*b + 3. Let t(s) = -s**3 - 12*s**2 + 3*s + 2. Let w(i) = 5*p(i) - 6*t(i). What are the prime factors of w(-8)?
3
Let x(k) be the third derivative of -k**4/24 - k**3/3 + k**2. Let p be x(-7). Suppose -p*d + 23 = -37. List the prime factors of d.
2, 3
Let k(p) = p + 4. Let l be k(3). Suppose -4*t = v - 21, 2*t = 2*v + 11 + l. What are the prime factors of t?
2, 3
Let c = 59 + 40. What are the prime factors of c?
3, 11
Suppose 4*q = 2*w + q - 39, -4*q = 2*w - 18. List the prime factors of w.
3, 5
Let a(u) be the first derivative of -2 + 9*u - 1/2*u**2. What are the prime factors of a(-8)?
17
Suppose 0*y + 4*j - 260 = -4*y, 0 = 2*j - 10. List the prime factors of y.
2, 3, 5
Suppose 0 = -p - 5 + 4. What are the prime factors of (p - (3 + -3))*-2?
2
Let a(k) = k. Let l be a(4). Suppose -2*d = 5*u - 37, 2*d + l*u - 2*u - 34 = 0. List the prime factors of d.
2
Let z(d) = d + 4. Let c be z(-7). Let h = c + 8. List the prime factors of h.
5
Suppose 5*k - 178 = 4*k - 4*n, -4*n = 5*k - 842. List the prime factors of k.
2, 83
Let l(u) = -u**3 + 27*u**2 + 31*u - 65. What are the prime factors of l(28)?
19
Let l = -50 - -70. List the prime factors of l.
2, 5
Suppose n + 558 = 4*j, -j + 5*n = -5*j + 546. Suppose 4*b = 4, j = -f + 5*f + 3*b. List the prime factors of f.
2, 17
Suppose 5*a - 3*h = -4*h - 106, 2*a + 52 = 2*h. Suppose 0 = 5*x + 49 + 26. Let m = x - a. What are the prime factors of m?
7
Let a(v) = 1 + 2 - v**3 - 3 + v + 4*v**2 - 2. List the prime factors of a(4).
2
Let q = 5 + -8. Let h = q - -9. What are the prime factors of h?
2, 3
Let a(d) = -d**2 - 11*d - 12. What are the prime factors of a(-7)?
2
Let s be (6/15)/(2/290). Suppose -5*n - 13 + s = 0. Suppose 0*b = -b + n. List the prime factors of b.
3
Let n = -64 + 65. Let r be ((-2)/(-4))/((-1)/(-6)). Let c = n + r. What are the prime factors of c?
2
Let x(p) = -p**3 + 6 - 4 + 5*p**2 + p**2. Let k be x(6). Suppose 15 = k*h + 5. What are the prime factors of h?
5
Suppose 0 = 4*q - 0*q - 12. Suppose 0*d + q*d = 69. Let c = d + -14. What are the prime factors of c?
3
Let o be 324/(-8)*(-8)/12. Suppose v = w - 0*v - o, 0 = w + 2*v - 27. What are the prime factors of w?
3
Let s(p) = -p**2 + 7*p - 5. Let b be s(4). Let u(f) = -f**2 + 6*f - 3. Let d be u(b). Let i = d + 22. What are the prime factors of i?
2, 3
Suppose -8*g + 9*g - 78 = 0. List the prime factors of g.
2, 3, 13
Let g(t) = -7*t**3 - 2*t**2 + 1. Let m be g(1). Let r = 11 + m. List the prime factors of r.
3
Let w = -20 - -36. List the prime factors of w.
2
Let j(v) = -13*v - 5. What are the prime factors of j(-7)?
2, 43
Let s(l) = -l**2 + 2*l + 6. What are the prime factors of s(0)?
2, 3
Suppose -8*r = -4*r - 52. What are the prime factors of r?
13
Suppose -2*k + 8 = -14. Suppose k + 4 = -3*o. List the prime factors of 0 + (2 - 2 - o).
5
Suppose 0 = -q - u - 1, -3*q + 0 = -u + 11. Let a be 2/q*(-3)/(-2). What are the prime factors of 3 + 1 + a + 2?
5
Suppose 2*t = -g + 1 + 7, 2*g - 8 = 4*t. Suppose -6*d + 4*d + g = 0. What are the prime factors of d?
3
Suppose -6*h + 220 = -2*h. Suppose -3*j = -5*w + 278, 3*w - 4*j - h = 103. What are the prime factors of w?
2, 29
Suppose 0 = 2*k - h - 3, -3*k - 3*h = -0*k - 18. Let l(w) = -w**2 - 9*w + 11. Let i be l(-10). Suppose -s = -k + i. List the prime factors of s.
2
Let m(j) = 7*j**2 - 2*j - 1. What are the prime factors of m(-1)?
2
Suppose 316 = 2*l - 5*c + 28, 4*c = -2*l + 306. List the prime factors of l.
149
Let o(g) = 3*g**2 - 3*g - 4. Let f be o(3). Suppose 2*p + 6 + f = 0. List the prime factors of (0 + (-4)/p)*30.
2, 3
Suppose u - 157 = 5*j - 43, 5*u + 5*j - 420 = 0. List the prime factors of u.
89
Suppose 0*u = -u + 2. Suppose p - 5 = 2*p, u*s + 2*p + 4 = 0. List the prime factors of (-1)/((-104)/34 + s).
17
Suppose 0 = -0*c - 3*c. Suppose 4*r + 89 = 5*s, 3*r - 48 + c = -3*s. List the prime factors of s.
17
Suppose r + 29 = 2*s + 3*s, -2*r + 26 = 4*s. List the prime factors of s.
2, 3
Suppose 3*p = 2*z - 5*z + 150, -4*p - 3*z + 201 = 0. Let k = p + -28. What are the prime factors of k?
23
Suppose -2*u = 3*u - 25. Suppose -b + 2*b + 10 = 3*v, -5 = 4*b - u*v. Suppose 13 = 6*k - b*k. What are the prime factors of k?
13
Let f = -116 - -192. What are the prime factors of f?
2, 19
Suppose -m - 4 + 7 = 0. Suppose 0 = 4*g - 2*t - 14, 2*t + 17 = g - m*t. Suppose j + g = 2*j. List the prime factors of j.
2
What are the prime factors of 5/(-10) - (-756)/8?
2, 47
Suppose 5*i - 28 = -2*b, 5*b - 16 = -5*i + 6*b. Let p(k) = -k**3 + 6*k**2 - 3*k - 5. What are the prime factors of p(i)?
3, 5
Suppose 3*o = 3*q - q - 6, -o = 0. Suppose t - 121 = -4*a, -t = q*a - 2*a - 28. List the prime factors of a.
31
Let o(a) = 6*a - 10. Let w be o(10). Suppose 0 = 6*h - h - w. List the prime factors of h.
2, 5
List the prime factors of (-1073)/(-4) + (-72)/(-96).
269
Let y(t) = -27*t**3 + 2*t**2 + 6*t + 3. What are the prime factors of y(-2)?
5, 43
Let n(x) = x**3 + 19*x**2 - 10*x + 16. List the prime factors of n(-19).
2, 103
Let y(d) = 7*d**2 + 6*d - 16. List the prime factors of y(5).
3, 7
List the prime factors of 832/20 + 6/(-10).
41
Suppose -5*q - 66 = -4*v - 7, 3*v - 2*q - 39 = 0. What are the prime factors of v?
11
Let i = -51 - -125. What are the prime factors of i?
2, 37
Suppose 2*r = 3*r - 6. Let t(b) = b - 3. Let u be t(r). Suppose 25 - 3 = 2*c + u*j, c - 2 = 3*j. List the prime factors of c.
2
What are the prime factors of (-3 + -2)*(-9)/5 + -2?
7
Let u(t) = -t**2 + 6*t - 1. Suppose o - 5*o = -28. Let c be u(o). Let p(y) = -y - 5. What are the prime factors of p(c)?
3
Let o = -101 - -199. What are the prime factors of o?
2, 7
Let p be 1/(4/280*1). Suppose 0 = -2*m + 7*m - p. What are the prime factors of m?
2, 7
Let v = 20 + -28. Let z(y) = -y - 6. Let k be z(v). List the prime factors of (-3)/(k - -1) - -11.
2, 5
Let c = -13 - -29. Suppose 0*m - 2*m - 12 = 0. List the prime factors of 30/(-4)*c/m.
2, 5
Let d(o) = o - 7. Let r be d(5). Let v = 86 - 188. What are the prime factors of v/(-9) - r/3?
2, 3
Let m = 11 + 43. What are the prime factors of m?
2, 3
Suppose -5*h = -4*i - 4, 0 = -h + 3*i - 7*i + 20. Suppose 0 = w - h - 17. List the prime factors of w.
3, 7
Let d be 30 - 3/(-3)*-2. What are the prime factors of (-8)/d - 51/(-7)?
7
Suppose -10 = -f + 22. Suppose -2*i = -3*q + 41, 4*q - f = i + 16. What are the prime factors of q?
11
Let k(r) = 4*r + 3. What are the prime factors of k(6)?
3
Suppose 3*c - 54 = 2*c - 4*a, 2*a = -3*c + 122. What are the prime factors of c?
2, 19
Suppose -4*a = t - 15, -a = 5*t + 18 + 2. What are the prime factors of a?
5
Suppose 2 = -2*j, 5*j = x + 2*x + 37. Suppose -2*z - 4*u - 17 = -3, 4*u = 4*z + 28. Let w = z - x. What are the prime factors of w?
7
Suppose -j = -3*r - 13, 4*j + 2*r + 7 = 59. What are the prime factors of j?
13
Let x = 4 + -1. Suppose i = v - 17, v + 0*v + x = 5*i. Let h = 40 - v. List the prime factors of h.
2, 3
Let b = 22 - -31. What are the prime factors of b?
53
Let f(x) = -x**3 - 5*x**2 + 6*x - 10. List the prime factors of f(-7).
2, 23
Let s be 2*1 - 2/1. Suppose -l - b - 15 = -s, 3*b - 15 = 0. What are the prime factors of (-36)/15*l/6?
2
Let h(k) = k**2 - 6*k - 1. Let g be h(6). Let s be g/4 - 14/8. What are the prime factors of 9 - (-2 + 0)/s?
2
Let h be ((-10)/25)/(1/5). Let q = h - 1. Let o = -1 - q. List the prime factors of o.
2
Let v(l) = 9*l - 10. What are the prime factors of v(5)?
5, 7
Let q(t) = -t**3 + 12*t**2 - 12*t + 10. Let s be q(11). Let k be (-4)/(s/((-22)/(-4))). Suppose -4 + k = w. List the prime factors of w.
2, 3
List the prime factors of (624/(-32))/((-1)/2).
3, 13
Suppose -4*k - 4*p = -5*p - 81, -62 = -3*k + p. Suppose 3*s - 19 = d, 2*d = -2*s - 0*s + 26. Let w = k - s. List the prime factors of w.
11
List the prime factors of 94*(-3)/(-4)*(3 + -1).
3, 47
Let d = 22 - 16. Suppose d*g - g - 50 = 0. What are the prime factors of g?
2, 5
Suppose 4*g = -2*l + 112, 4*g - 45 = -l + 13. Let p = l - 18. What are the prime factors of p?
2, 3
Let d = 6 - 4. Let k be 2 + -16 + (-2)/d. Let o = 26 + k. What are the prime factors of o?
11
What are the pr